1456)?
4
Let w be (3/(-9))/((-2)/348). Suppose -4*f + w + 34 = 0. Suppose -d = -2*d + f. What is the units digit of d?
3
Suppose 15 = 2*k - 3*m, 3*m = -3*k + 8 + 7. Suppose 0 = -k*r + 540 - 186. What is the units digit of r?
9
Let r(a) = -12*a**3 - 8*a**2 - 4*a + 9. What is the tens digit of r(-5)?
2
Let s(a) = -a**3 + 6*a**2 + 12*a + 5. Let l be s(8). Suppose -4*g - 3 = -11. What is the units digit of (-60)/g*9/l?
0
Let i = 1257 - 716. What is the units digit of i?
1
Suppose -2*g = 4*p - 21762, 17*p - 15*p = 5*g + 10863. What is the thousands digit of p?
5
Let l = 11 - 9. Let j = -2 + l. Suppose -y - 5*k - 13 = j, -2*y - k = 2*y - 24. What is the units digit of y?
7
Let r(u) = -2*u - 22. Let z(b) = -b - 11. Let p(t) = 3*r(t) - 5*z(t). Let i be p(-15). Suppose -68 = -m - m - i*n, 5*m = n + 137. What is the tens digit of m?
2
Suppose -3*c + 21 = -3*v, -12*c + 11*c - 5*v = 11. Suppose u = j - 114, j + c*u + 17 - 136 = 0. What is the tens digit of j?
1
Let h be -8*(-1 + (-3)/(-6)). Suppose 3*k + c - 12 = -5, 2*k + h = -5*c. Suppose -k*i + 19 = 2*n, 0 = -5*n + 3*i + 44 - 7. What is the units digit of n?
8
Suppose 2*d = -4*d - 30. Let q(s) = s**3 + 9*s**2 - 2*s - 11. What is the tens digit of q(d)?
9
Suppose 0 = -m + 2*w - 3, -w - 16 = -4*m - 0*w. What is the tens digit of 3 + 100/(m - 1)?
2
Suppose -4*y - 13 = -25. Suppose -8 = -y*n + 5*n. What is the units digit of 22*-2*1/n?
1
Suppose -3*b + 69 = -0*b. Let z = 5 - 13. Let x = z + b. What is the tens digit of x?
1
Let o(g) = 21*g + 13. Let d be o(4). Let b be -4 + d - 3 - -1. Suppose -79 - b = -5*u. What is the units digit of u?
4
Let l = 203 + 2. Let c = 352 - l. What is the hundreds digit of c?
1
Let y(b) = -b**3 - 9*b**2 + 15*b + 3. Let d be y(-11). Let k = -31 + 58. Let a = d - k. What is the tens digit of a?
5
Let x = 156 + 37. What is the units digit of x?
3
Let x be 392/(-12)*(-3 + 0). Suppose -4*d - 10 = -26. Suppose -5*k + 3*k + x = 4*n, 4*k - 108 = -d*n. What is the tens digit of n?
2
Let q(k) = -k**3 - 5*k**2 - 11*k - 19. What is the units digit of q(-10)?
1
Let n(c) = -2*c + 28. Let z(a) = a - 14. Let l(f) = f - 14. Let r(p) = -3*l(p) + 2*z(p). Let s(o) = 4*n(o) - 7*r(o). What is the units digit of s(12)?
2
Let f(t) = -4*t + 38. Let b be f(14). Let y = -6 + 3. What is the units digit of -6*y*(-3)/b?
3
Let f(c) = 4*c**2 + 23*c - 83. What is the tens digit of f(-25)?
4
Suppose -30*t - 762 = -36*t. What is the units digit of t?
7
Suppose -479*z + 475*z = -104. What is the tens digit of z?
2
Let z(d) = 55*d**2 + 28*d + 4. What is the tens digit of z(-4)?
7
Suppose 0 = 2*l - a - 3314, 8*l = 4*l - 3*a + 6628. What is the units digit of l?
7
Suppose -579 + 1757 = 19*n. What is the tens digit of n?
6
Suppose -11 + 65 = 3*s. Let v be 4/s - (-100)/36. Suppose 186 = 3*h - 4*c, -4*h = -v*c + 6*c - 223. What is the units digit of h?
8
Let k(x) = 4*x**2 + 2*x + 1. Let n be k(-1). Suppose 4*i + 3*u - 104 = 0, -2*i = 2*i - n*u - 80. Let z = i + -13. What is the tens digit of z?
1
Suppose 6*m - 4 = -4*p + 2*m, 0 = 3*p - 5*m - 19. Suppose -p*c - 28 = -193. What is the tens digit of c?
5
Suppose 0 = 12*h + 2*h - 98. Suppose 187 = 10*l + h. What is the tens digit of l?
1
Let v(o) = -85*o + 2. Let n be v(4). Let k = n + 523. What is the units digit of k?
5
Suppose -5*n = 25, 0*u - 3*n = 4*u - 1057. Suppose -5*c = -c - u. What is the tens digit of c?
6
Suppose 4*k + 405 = 1277. Suppose -2*r = 2*p - k, -3*p = -3*r + 408 - 93. Suppose -2*b = 5*d - 125, 3*d + d - r = -3*b. What is the tens digit of d?
2
Suppose -n - 1 = 3*h - 15, 0 = -4*h + n + 21. Suppose l + 2*l + 1 = p, h*l = -15. What is the tens digit of 15*2/p*-4?
1
What is the tens digit of (12 - 14)*(3 + (-1295)/2)?
8
What is the hundreds digit of (-3)/21 - ((-20100)/21 + -3)?
9
Suppose -r - 7*r + 6248 = 0. What is the hundreds digit of r?
7
Let a = -1 + 1. What is the units digit of (a - -3)*4*(-83)/(-12)?
3
Suppose 0 = 2*s - o - 68, -2*s + 2*o = 3*s - 170. Suppose 0*k - 3*k + 51 = 3*r, 2*k - 4*r = s. What is the tens digit of k?
1
Suppose -6*k + 4767 = 3*a - 3*k, -5*k - 6365 = -4*a. What is the units digit of a?
0
Suppose 5 + 3 = -4*p. Let r(m) = 5*m - 1. Let z be r(p). Let w = z + 18. What is the units digit of w?
7
Suppose -23*w - 36 = -26*w. Let c = w - -10. What is the tens digit of c?
2
Let l be (2 + 19)*(-8)/(-12). Let c = l + -10. Suppose 2*g + c = t, t + 2*g = -t + 8. What is the units digit of t?
4
Suppose 5267 + 14308 = 9*k. What is the thousands digit of k?
2
Let x be 3/(-1) - (-6 - 204). Let l = 379 - x. What is the tens digit of l?
7
Suppose -5*i - 3*t + 1721 = 0, -i + 1037 = 2*i + 4*t. Suppose -4*z + g = -z - 502, 0 = -2*z - g + i. What is the units digit of z?
9
Suppose -p - 5*p = -37998. What is the units digit of (-15)/8 - -2 - p/(-24)?
4
Let i(j) = -j**3 - 11*j**2 - 8*j + 20. Let k(t) = t - 4. Let z be k(-6). Let o be i(z). Suppose o = 5*h + 15, h + 20 = -3*l + 92. What is the tens digit of l?
2
Let x(c) = -11*c**3 + 23*c**2 + 31*c - 26. Let j(y) = -7*y**3 + 15*y**2 + 21*y - 17. Let g(v) = -8*j(v) + 5*x(v). What is the hundreds digit of g(9)?
2
Let h = -5931 - -10113. What is the units digit of h?
2
Suppose z - 63 = 1. What is the tens digit of ((-28)/16)/((-4)/z)?
2
Let l = -43 - -76. Let k = -32 + l. What is the units digit of -54*(-1 - k/(-3))?
6
Let y = -10 - -22. Let b be (1 - 32/y)*-3. Suppose -3*g + 4*o + 19 = 0, 3*g - b*o - 8 = g. What is the units digit of g?
9
Suppose -2537 = -5*c - 4*m, -c + 3*m + 508 = 4*m. Suppose 4*w - 117 = -g, g + 4*g + 4*w = c. What is the tens digit of g?
9
Suppose -122*n = -125*n + 4002. What is the thousands digit of n?
1
Let v be (-4)/12 - (-24)/(-9). Let s be v - (0 + -3 - 7). What is the units digit of s/(14/4) + 4?
6
Let o = 10 + -8. Suppose o*u = 7*u + 10. What is the units digit of (-6)/(-12) - 27/u?
4
Suppose 0 = 4*m - 0*m + 12. What is the units digit of (-27)/m + 16/(-8)?
7
Suppose x - 2094 = 2*z, -2*z - 10430 = -5*x - 0*x. What is the tens digit of x?
8
Let u(q) = 8*q - 9. Let n(a) = 7*a - 8. Let k(p) = -6*n(p) + 5*u(p). Let r be k(5). Let z(i) = 3*i**2 + 12*i - 7. What is the units digit of z(r)?
6
Let k(i) = -3*i**3 + 6*i**2. Let z(l) = -7*l**3 + 13*l**2 - l. Let b(f) = -5*k(f) + 2*z(f). Let h be b(5). Suppose 4*w = -w + h. What is the units digit of w?
3
Suppose 4 = 3*o + 1. Let f be 2 + (-4)/(-4) - -249. What is the units digit of (o/(-1))/((-7)/f)?
6
Let c(r) = 2*r + 2. Let f be c(3). Let h(l) = 25*l**2 - 25*l + 33. Let s(x) = -9*x**2 + 8*x - 11. Let q(y) = -4*h(y) - 11*s(y). What is the units digit of q(f)?
1
Let g = 4 - -5. Suppose -g = f + 7. What is the units digit of (-290)/(-14) - f/56?
1
Let l(s) = -9*s + 56. What is the tens digit of l(-24)?
7
Let g(m) = 15*m**2 - 33*m + 203. What is the thousands digit of g(10)?
1
Let s(n) = -n**2 - 22*n - 54. Let f be s(-19). Suppose 3*h - 375 = -f*m, 3*m = -m - 5*h + 502. What is the hundreds digit of m?
1
Let v(m) = 69*m**2 + 27*m + 46. What is the tens digit of v(-2)?
6
Let f(d) = d**2 + 13*d + 28. What is the units digit of f(-13)?
8
Let b(t) = 69*t**2 - 124*t - 1. What is the tens digit of b(6)?
3
Let o = -2 - -20. Suppose 0 = 5*j + d - 28, 4*j + 3*d = -0*d + o. What is the units digit of j?
6
Suppose -20 = 3*x - 5*x. Let k be 20/(-8)*(-8)/x. Suppose -k*c = 3*c - 110. What is the units digit of c?
2
Let q be (-1)/(-2)*-6*1626/(-18). Suppose 3*z + 101 = o, -4*o - z + q = -185. What is the hundreds digit of o?
1
Suppose 6 = 3*s - 0. Let z = 16 + s. What is the units digit of 14/(-7) - z/(-2)?
7
Suppose 0 = -3*n + 6. Suppose 0 = p - 0*z - n*z - 12, p + 5*z = -23. Suppose -j + 116 = 3*j - 5*o, -p*j + 28 = 5*o. What is the tens digit of j?
2
Let y be -1 + 3 + (-155 - -5). What is the units digit of (7/2)/(2 - (-294)/y)?
9
Let w be 1*(16 - (5 + -4)). Suppose 4*x + 4*y - 460 = 172, -4*y + 476 = 3*x. Suppose w*q + x = 19*q. What is the units digit of q?
9
Let k be (3/6)/1*-92. Let d = k - -104. What is the units digit of d?
8
Let y(a) = 3*a**2 + 5*a - 2. Let u be y(2). Suppose 0 = -2*o - 2*o + u. Suppose -o*b = 15, 5*n + 4 = -2*b - b. What is the units digit of n?
1
Suppose 3*q = -3*x + 36 + 21, 4*x - 4*q = 52. Let g be (-8)/(-2)*664/x. Suppose -5*m + g = -224. What is the units digit of m?
8
Let t(l) = 484*l**2 + 11*l + 30. What is th